 Suppose -p + 2*k - 18 = 4*p, -4*k + 16 = 0. Let x = y + p. List the prime factors of x.
2, 3
Let c = -61 - -107. List the prime factors of c.
2, 23
Suppose 0 = c + 5*f + 41 - 11, f = 4*c + 99. Let y = 43 + c. What are the prime factors of y?
2, 3
Let c be (-5)/(-3)*(5 + -2). Suppose -5*o = -m - 43, -5*m = -c*o - 0*o + 55. List the prime factors of o.
2
Let l(s) = -s + 2. Let a be l(-2). Let y(t) = t**3 - 3*t**2 - 2*t + 3. List the prime factors of y(a).
11
Let i(b) be the second derivative of b**4/3 + 5*b**3/6 - 2*b**2 - 2*b. Let r be i(-4). What are the prime factors of (4/10)/(2/r)?
2
Let x(o) = o**3 + 5*o**2 - o + 3. Let w be x(-5). What are the prime factors of (-2)/(-4)*w + 1?
5
Let d = -1 + 10. Suppose 4*h + 35 = r + d, -4*r + 5*h + 93 = 0. List the prime factors of r.
2, 11
Let d(y) = y**2 - y + 18. Let f be d(0). Let k = -4 + f. What are the prime factors of k?
2, 7
Let c = -7 + 6. Let h be -6*c/2 + 2. Suppose -h = -b + 1. List the prime factors of b.
2, 3
Let b(t) = t**2 - t - 2. Suppose -29 = -4*r - 9. Suppose r*h + 11 = -4. What are the prime factors of b(h)?
2, 5
Let r be 3 - (-1 + 1) - (-5 + 4). Let d = 3 + 3. Let i = d - r. What are the prime factors of i?
2
Suppose -5*p + 25 = -0*p. Suppose -n + 0 - 1 = 0, 5*n - 155 = -p*z. List the prime factors of z.
2
Let n(l) = -3*l - 21. What are the prime factors of n(-12)?
3, 5
Suppose -4*c = 6 - 70. Suppose 0 = -4*z + c - 0. List the prime factors of z.
2
Suppose 2 + 16 = -2*p. Suppose 5 + 0 = -5*f. Let k = f - p. List the prime factors of k.
2
Let r(z) be the second derivative of z**4/12 + z**3/2 - 2*z**2 + z. Let y be r(-4). Suppose -p + 4*p - 24 = y. What are the prime factors of p?
2
Suppose 4*u - 491 = -5*i, 3*u - 4*i - 67 - 340 = 0. List the prime factors of u.
3, 43
Let a(j) = j**3 - 8*j**2 + 8*j - 7. Let y be a(7). Suppose y*k = -k + 6. Let l(i) = -i**3 + 6*i**2 + i - 3. What are the prime factors of l(k)?
3
Let q = 40 - 10. List the prime factors of q.
2, 3, 5
Let k(f) = -f. Let t be k(-3). Let s(j) = j + 1. What are the prime factors of s(t)?
2
Suppose d - 68 = -d. List the prime factors of d.
2, 17
Let r = -138 - -215. List the prime factors of r.
7, 11
Let q(r) = 5*r**2 - 60*r - 3. What are the prime factors of q(15)?
2, 3, 37
Suppose 1 + 9 = 5*u. Let j(m) = -2*m + 3 + 2 + m**3 - 2. What are the prime factors of j(u)?
7
Suppose -2*y - 4*c = -8, -3*y - c + 5*c + 2 = 0. Suppose 0 = -5*q + 20, -2*n + 160 = y*n + 4*q. List the prime factors of n.
2, 3
Suppose 5*p + 4*s = 4*p + 141, -5*s = 2*p - 297. What are the prime factors of p?
7, 23
Let g(f) = -6*f + 3. Let v(d) = -11*d + 6. Suppose 8*i = -4*m + 3*i - 40, -5*i = 2*m + 30. Let c(t) = m*g(t) + 3*v(t). List the prime factors of c(-3).
2, 3
Let u(c) be the second derivative of c**5/20 + 5*c**4/12 + 2*c**3/3 + 2*c**2 + 20*c. Let n(v) = -v**2 - 5*v + 3. Let q be n(-6). List the prime factors of u(q).
2, 5
Let v = 6 + -2. Suppose -2*y + v*y = 18. What are the prime factors of y?
3
Let l = -21 - -22. What are the prime factors of (-53 + 2 + l)/(-2)?
5
Suppose 6*s - s = 5, -4*s - 35 = 3*k. Let y = -19 - k. Let a(q) = q + 8. List the prime factors of a(y).
2
Suppose 2*q - 56 = -2*n, 3*n - 3*q - 84 = -0*n. Suppose 0 = 19*o - 18*o - n. What are the prime factors of o?
2, 7
Suppose -5*f + 149 + 11 = 0. Let l = -6 + f. What are the prime factors of l?
2, 13
Suppose -4*d + 11*f + 1016 = 6*f, -4*f = -2*d + 514. What are the prime factors of d?
3, 83
Suppose 0 = -v - 2*v. Let f = v - 4. List the prime factors of (-46)/(-4) - (-2)/f.
11
Let h be 3*(-6)/(-27)*-6. Let r = -4 - -12. Let w = r + h. What are the prime factors of w?
2
Let w(q) = q**3 - 9*q**2 + 12*q - 1. List the prime factors of w(8).
31
Let a be 183/21 - 4/(-14). Suppose -a - 7 = -l. List the prime factors of l.
2
Let a = -7 + -3. Let z = a + 18. What are the prime factors of z?
2
Let g be 52/(-8)*-2 - -2. List the prime factors of (-153)/(-3)*5/g.
17
Suppose 4*q + 12 = 4*o, 2*o + 2*o - 14 = 3*q. Suppose 2*t + 5*g = 4, o*t - 2*g - 68 = -0*g. List the prime factors of t.
2, 3
Let l(o) = o. Let w be l(0). Let u(x) = 4 + 0*x**3 + x**3 + w*x**3 + 4*x**2 + 2*x. List the prime factors of u(-3).
7
Suppose -4*y = -7*y + 186. List the prime factors of y.
2, 31
Let t = 88 - 41. Let z be (-6)/(-3) - 1 - t. What are the prime factors of 1/2 + z/(-4)?
2, 3
Suppose 2*f + 0*f + p = 75, 4*f = -5*p + 153. What are the prime factors of f?
37
Let h(b) = -14*b - 2. What are the prime factors of h(-1)?
2, 3
Suppose 0 = -4*l + 35 + 25. List the prime factors of l.
3, 5
Suppose 0 = -x - 3*w + 40, 2*w = -3*x + 19 + 87. List the prime factors of x.
2, 17
Let m(o) = o + 13. List the prime factors of m(-8).
5
Let b be (-4)/22 + (-35)/(-11). Suppose -3*n = c + 2*n + 5, 0 = 3*c + b*n - 21. List the prime factors of c.
2, 5
Let i(u) = -u**2 - 3*u. Let w be i(-3). Let z be 6/15 + (-23)/(-5). Let p = z + w. What are the prime factors of p?
5
Suppose 7*c = -3*c + 910. List the prime factors of c.
7, 13
Suppose 4*f - 8 = 0, 4*z + 5*f = 2*f + 38. Suppose 2*m + 6 = 0, -4*h + 2*m - 2 = -z. List the prime factors of -2 - (h - 16/2).
2, 3
Let x = -280 + 568. List the prime factors of x.
2, 3
Let k = -295 - -493. What are the prime factors of k?
2, 3, 11
Let a(x) = 3*x**2 - 4. What are the prime factors of a(-3)?
23
Let n(g) = 12*g**3 - 2*g**2 - 2*g - 2. Let j(l) = l**3 + l**2 + 1. Let b(x) = 3*j(x) + n(x). List the prime factors of b(1).
3, 5
Let n(s) = -s**3 - s - 1. Let x(o) = -7*o**3 + 10*o**2 + 3*o - 6. Let i(z) = 6*n(z) - x(z). List the prime factors of i(11).
2, 11
Let q = 100 - 70. List the prime factors of q.
2, 3, 5
Let w(j) = -j**2 + 12*j - 5. Suppose -2*d - 2*d + 44 = 0. List the prime factors of w(d).
2, 3
Let p = -78 + 145. List the prime factors of p.
67
Suppose -f + 19 = -86. What are the prime factors of f?
3, 5, 7
Suppose -h - 21 = -2*h - 4*x, -3*h + 4*x - 1 = 0. Suppose -h*w - 6 = -2*w. Let a(b) = 3*b**2 + 2. List the prime factors of a(w).
2, 7
Let w(n) = -4*n**3 - 2*n**2 - n + 2. What are the prime factors of w(-2)?
2, 7
Let q = -8 - -16. List the prime factors of q.
2
Let u be ((-12)/(-8))/((-9)/(-660)). Suppose -5*r + u = -2*p, 2*r + 4*p = -0*r + 44. What are the prime factors of r?
2, 11
Let h be 3*(0 + 1 + 0). Suppose 5*i - 9 = i + h*n, -4*i - 4*n = -44. Suppose x + 35 = i*x. What are the prime factors of x?
7
Let d = -8 + 19. Let f = 15 - d. Suppose -5*v - 3*j = -99, -2*v + 31 - f = -3*j. List the prime factors of v.
2, 3
Let u = -16 + 35. Suppose l = -0*l + u. List the prime factors of l.
19
Let z = 3 - 3. Let u(i) = 2 + z + 2*i + i**2 + 0. List the prime factors of u(-3).
5
Let a(z) = z + 5. Suppose 5*k - 4*b = 25 + 22, 2*k - 8 = -2*b. List the prime factors of a(k).
2, 3
Let j(f) = -f + 3. Let d(p) = -p**2 + 5*p - 1. Let l be d(6). What are the prime factors of j(l)?
2, 5
Suppose 27 - 11 = -2*p. Let n = p - -11. Suppose h + 0*h + n = 5*c, -4*c - 4 = -4*h. List the prime factors of h.
2
Let j be (-10)/(-6) + (-2)/(-6). Suppose j*m - 21 = -m. What are the prime factors of m?
7
Let x be 60/(-9) - 1/3. List the prime factors of ((-4)/(-6))/(x/(-168)).
2
Let n(i) = i**2 + i. Let u be n(0). Let w(q) = -q**3 + q**2 - 7. Let s be w(u). Let x = 10 + s. List the prime factors of x.
3
Let s(q) = 11 - 6*q**2 + 4*q**2 + 3*q**2. List the prime factors of s(0).
11
Suppose -2*h + 4 = 5*s, 0*s = s + h + 1. Suppose 0 = 5*g - 5, 3*g = s*a - 8 - 11. What are the prime factors of a?
11
Suppose -3*p - 2 + 8 = 2*u, -4*p + 8 = -4*u. Let v be (-22 - -2)/(1 + u). Let c = 40 + v. List the prime factors of c.
2, 5
Suppose -4*q - h + 2 = -3, 3*q = 4*h - 1. List the prime factors of 42/4 + q/2.
11
Suppose -3*r - r = 4*d - 172, 0 = 2*r - 5*d - 114. Suppose 2*n - 8 = -4*p, -4*n + r = -n - p. List the prime factors of n.
2, 7
Let r(g) = g**2 + 3*g - 1. Let h be r(-4). Suppose y = -h*y + 8. Suppose y*f - 30 = -f. What are the prime factors of f?
2, 5
Let u(r) = 2*r**2 + 0*r**2 - 31*r**3 - 1 + 5*r**3 + 0*r**2. List the prime factors of u(-1).
3
Suppose x - 2*x = 8. Let h(m) be the second derivative of m**3/6 + 5*m**2 + m. List the prime factors of h(x).
2
Let s be 56/16 + (-6)/4. Let x(a) = -a + 9*a + 4 - s. What are the prime factors of x(2)?
2, 3
Let v = -16 - -23. Let k = 6 + v. What are the prime factors of k?
13
L